{"id":3,"date":"2024-02-22T13:51:20","date_gmt":"2024-02-22T12:51:20","guid":{"rendered":"http:\/\/essentialwbbn.es\/?page_id=3"},"modified":"2024-03-15T10:37:53","modified_gmt":"2024-03-15T09:37:53","slug":"politica-privacidad","status":"publish","type":"page","link":"https:\/\/essentialwbbn.es\/eng\/politica-privacidad\/","title":{"rendered":"Privacy policy"},"content":{"rendered":"<p>[et_pb_section fb_built=\u00bb1&#8243; _builder_version=\u00bb4.24.2&#8243; _module_preset=\u00bbdefault\u00bb custom_padding=\u00bb0px|||||\u00bb global_colors_info=\u00bb{}\u00bb][et_pb_row _builder_version=\u00bb4.24.2&#8243; _module_preset=\u00bbdefault\u00bb custom_padding=\u00bb||0px|||\u00bb global_colors_info=\u00bb{}\u00bb][et_pb_column type=\u00bb4_4&#8243; _builder_version=\u00bb4.24.2&#8243; _module_preset=\u00bbdefault\u00bb global_colors_info=\u00bb{}\u00bb][et_pb_text _builder_version=\u00bb4.24.2&#8243; _dynamic_attributes=\u00bbcontent\u00bb _module_preset=\u00bbdefault\u00bb header_text_align=\u00bbcenter\u00bb custom_margin=\u00bb||10px||false|false\u00bb custom_padding=\u00bb||0px||false|false\u00bb global_colors_info=\u00bb{}\u00bb]@ET-DC@eyJkeW5hbWljIjp0cnVlLCJjb250ZW50IjoicG9zdF90aXRsZSIsInNldHRpbmdzIjp7ImJlZm9yZSI6IjxoMT4iLCJhZnRlciI6IjwvaDE+In19@[\/et_pb_text][dipi_divider content_type=\u00bbimage\u00bb content_image=\u00bbhttp:\/\/essentialwbbn.es\/wp-content\/uploads\/2024\/02\/essentials_favicon.png\u00bb content_width=\u00bb60px\u00bb _builder_version=\u00bb4.24.2&#8243; _module_preset=\u00bbdefault\u00bb global_colors_info=\u00bb{}\u00bb][\/dipi_divider][et_pb_text _builder_version=\u00bb4.24.2&#8243; _module_preset=\u00bbdefault\u00bb hover_enabled=\u00bb0&#8243; global_colors_info=\u00bb{}\u00bb link_font=\u00bb||||on||||\u00bb quote_border_weight=\u00bb1px\u00bb sticky_enabled=\u00bb0&#8243;]<\/p>\n<blockquote>\n<h3>Datos del propietario de la web:<\/h3>\n<p><strong>RAZ\u00d3N SOCIAL<\/strong> BABY NIT SL<br \/><strong>NIF<\/strong> B63025753<br \/><strong>DIRECCI\u00d3N POSTAL <\/strong>C\/ ANOIA S\/N NAVE 7 POLIGONO INDUSTRIAL URVASA 08130, SANTA PERPETUA DE MOGODA (BARCELONA)<br \/><strong>TEL\u00c9FONO<\/strong> 935740210<br \/><strong>REGISTRO <\/strong><strong>MERCANTIL <\/strong>tomo 35144, folio 57, hoja B257480 e inscripci\u00f3n 1<br \/><strong>OBJETO PRINCIPAL <\/strong>Confecci\u00f3n de prendas de vestir<\/p>\n<\/blockquote>\n<p>&nbsp;<\/p>\n<h2>Protecci\u00f3n de datos<\/h2>\n<p>De conformidad con la normativa vigente y aplicable en protecci\u00f3n de datos de car\u00e1cter personal, le informamos que sus datos ser\u00e1n incorporados al sistema de tratamiento titularidad de BABY NIT SL con NIF B63025753 y domicilio social sito en C\/ ANOIA S\/N NAVE 7 POLIGONO INDUSTRIAL URVASA 08130, SANTA PERPETUA<\/p>\n<p>DE MOGODA (BARCELONA), y que a continuaci\u00f3n se relacionan sus respectivas finalidades, plazos de conservaci\u00f3n y bases legitimadoras. Para aquellos tratamientos que lo requieran, se informa tambi\u00e9n de la posible elaboraci\u00f3n de perfiles y decisiones automatizadas, as\u00ed como las posibles cesiones y las transferencias internacionales que BABY NIT SL tiene previsto realizar:<\/p>\n<p>&nbsp;<\/p>\n<h2>TRATAMIENTOS REALIZADOS<\/h2>\n<p>&nbsp;<\/p>\n<h3>Gesti\u00f3n de la p\u00e1gina web<\/h3>\n<p><strong>Finalidad:<\/strong> Tratamiento y gesti\u00f3n de los datos necesarios para la funcionalidad de la p\u00e1gina web<\/p>\n<p><strong>Plazo de conservaci\u00f3n:<\/strong> mientras perdure el consentimiento prestado<\/p>\n<p><strong>Base leg\u00edtima:<\/strong> El consentimiento del interesado Tipolog\u00eda de Datos: Datos meramente identificativos Cesiones: No se prev\u00e9n<\/p>\n<p><strong>Transferencias internacionales:<\/strong> No se prev\u00e9n<\/p>\n<p><strong>Elaboraciones de perfiles:<\/strong> No se prev\u00e9n<\/p>\n<p>&nbsp;<\/p>\n<h3>Formulario web<\/h3>\n<p><strong>Finalidad:<\/strong> Atender sus consultas y\/o solicitudes<\/p>\n<p><strong>Plazo de conservaci\u00f3n:<\/strong> mientras se mantenga el consentimiento prestado.<\/p>\n<p><strong>Base leg\u00edtima:<\/strong> El consentimiento del interesado Tipolog\u00eda de Datos: Datos meramente identificativos Cesiones: Ninguna<\/p>\n<p><strong>Transferencias internacionales:<\/strong> No se prev\u00e9n<\/p>\n<p><strong>Elaboraciones de perfiles:<\/strong> No se prev\u00e9n<\/p>\n<p>&nbsp;<\/p>\n<h3>Gesti\u00f3n del cumplimiento normativo<\/h3>\n<p><strong>Finalidad:<\/strong> Gesti\u00f3n y tramitaci\u00f3n de las obligaciones y deberes que se deriven del cumplimiento de la normativa a la cual est\u00e1 sujeta la entidad<\/p>\n<p><strong>Plazo de conservaci\u00f3n:<\/strong> conservaci\u00f3n de las copias de los documentos hasta que prescriban las acciones para reclamarle una posible responsabilidad<\/p>\n<p><strong>Base leg\u00edtima:<\/strong> El cumplimiento de una ley<\/p>\n<p><strong>Tipolog\u00eda de Datos:<\/strong> Datos meramente identificativos<\/p>\n<p><strong>Cesiones<\/strong>: sus datos ser\u00e1n comunicados en caso de ser necesario a Organismos y\/o administraci\u00f3n p\u00fablica con competencia en la materia con la finalidad de cumplir con las obligaciones establecidas en la normativa aplicable. Adem\u00e1s, se informa que la base legitimadora de la cesi\u00f3n es cumplir con las obligaciones establecidas en la normativa aplicable<\/p>\n<p><strong>Transferencias internacionales:<\/strong> No se prev\u00e9n<\/p>\n<p><strong>Elaboraciones de perfiles:<\/strong> No se prev\u00e9n<\/p>\n<p>&nbsp;<\/p>\n<h3>Acciones Comerciales<\/h3>\n<p><strong>Finalidad:<\/strong> Captaci\u00f3n, registro y tratamiento de datos con finalidades de publicidad y prospecci\u00f3n comercial de nuestros productos y\/o servicios<\/p>\n<p><strong>Plazo de conservaci\u00f3n:<\/strong> mientras se mantenga el consentimiento prestado<\/p>\n<p><strong>Base leg\u00edtima:<\/strong> El consentimiento del interesado Tipolog\u00eda de Datos: Datos meramente identificativos Cesiones: Ninguna<\/p>\n<p><strong>Transferencias internacionales:<\/strong> No se prev\u00e9n<\/p>\n<p><strong>Elaboraciones de perfiles:<\/strong> No se prev\u00e9n<\/p>\n<p>&nbsp;<\/p>\n<h3>Registro de los usuarios<\/h3>\n<p><strong>Finalidad:<\/strong> Captaci\u00f3n, registro y tratamiento de datos para poder registrarse como usuario<\/p>\n<p><strong>Plazo de conservaci\u00f3n:<\/strong> mientras perdure el consentimiento prestado<\/p>\n<p><strong>Base leg\u00edtima:<\/strong> El consentimiento del interesado Tipolog\u00eda de Datos: Datos meramente identificativos Cesiones: No se prev\u00e9n<\/p>\n<p><strong>Transferencias internacionales:<\/strong> No se prev\u00e9n<\/p>\n<p><strong>Elaboraciones de perfiles:<\/strong> No se prev\u00e9n<\/p>\n<p>&nbsp;<\/p>\n<h3>Gesti\u00f3n de la compra y\/o contrataci\u00f3n de servicios<\/h3>\n<p><strong>Finalidad:<\/strong> Captaci\u00f3n, registro y tratamiento de datos con la finalidad de gestionar su compra, as\u00ed como para el correcto desarrollo, cumplimiento y ejecuci\u00f3n del contrato entre ambas partes<\/p>\n<p><strong>Plazo de conservaci\u00f3n:<\/strong> durante el plazo necesario para gestionar la compra de los productos o servicios adquiridos incluyendo posibles devoluciones, quejas o reclamaciones asociadas a la compra del producto o servicio en particular<\/p>\n<p><strong>Base leg\u00edtima:<\/strong> La ejecuci\u00f3n de un contrato<\/p>\n<p><strong>Tipolog\u00eda de Datos:<\/strong> Datos meramente identificativos<\/p>\n<p><strong>Cesiones:<\/strong> sus datos podr\u00e1n ser comunicados en caso de ser necesario a empresas que subvencionen los concursos, premios y\/o promociones<\/p>\n<p><strong>Transferencias internacionales:<\/strong> No se prev\u00e9n<\/p>\n<p><strong>Elaboraciones de perfiles:<\/strong> No se prev\u00e9n<\/p>\n<p>&nbsp;<\/p>\n<h3>Gesti\u00f3n econ\u00f3mica y administrativa<\/h3>\n<p><strong>Finalidad:<\/strong> Gesti\u00f3n administrativa, facturaci\u00f3n, contabilidad y obligaciones legales<\/p>\n<p><strong>Plazo de conservaci\u00f3n:<\/strong> 5 a\u00f1os en cumplimiento de la ley tributaria y 10 a\u00f1os la documentaci\u00f3n fiscal en cumplimiento de la L.O.7\/2012<\/p>\n<p><strong>Base leg\u00edtima:<\/strong> El consentimiento del interesado<\/p>\n<p><strong>Tipolog\u00eda de Datos:<\/strong> Datos meramente identificativos<\/p>\n<p><strong>Cesiones:<\/strong> sus datos ser\u00e1n comunicados en caso de ser necesario a Agencia Tributaria, Bancos, Cajas y Organismos y\/o administraci\u00f3n p\u00fablica con competencia en la materia con la finalidad de cumplir con las obligaciones tributarias y fiscales establecidas en la normativa aplicable. Adem\u00e1s, se informa que la base legitimadora de la cesi\u00f3n es cumplir con las obligaciones establecidas en la normativa aplicable<\/p>\n<p><strong>Transferencias internacionales:<\/strong> No se prev\u00e9n<\/p>\n<p><strong>Elaboraciones de perfiles:<\/strong> No se prev\u00e9n<\/p>\n<p>&nbsp;<\/p>\n<h2>Derechos de los interesados<\/h2>\n<p>BABY NIT SL informa a los Usuarios que, podr\u00e1 ejercer los derechos de acceso, rectificaci\u00f3n, limitaci\u00f3n, supresi\u00f3n, portabilidad y oposici\u00f3n al tratamiento de sus datos de car\u00e1cter personal ante el Responsable del Tratamiento, as\u00ed como a la retirada del consentimiento prestado.<\/p>\n<ul>\n<li><strong>Derecho de Acceso:<\/strong> Es el derecho del usuario a obtener informaci\u00f3n sobre sus datos concretos de car\u00e1cter personal y del tratamiento que se haya realizado o realice, as\u00ed como de la informaci\u00f3n disponible sobre el origen de dichos datos y las comunicaciones realizadas o previstas de los<\/li>\n<li><strong>Derecho de Rectificaci\u00f3n:<\/strong> Es el derecho del afectado a que se modifiquen los datos que resulten ser inexactos o incompletos. S\u00f3lo podr\u00e1 satisfacerse en relaci\u00f3n a aquella informaci\u00f3n que se encuentre bajo el control de la APP, por ejemplo, eliminar comentarios publicados en la propia p\u00e1gina, im\u00e1genes o contenidos web donde consten datos de car\u00e1cter personal del usuario.<\/li>\n<li><strong>Derecho a la Limitaci\u00f3n de tratamiento:<\/strong> Es el derecho a que se limiten los fines del tratamiento previstos de forma original por el responsable del<\/li>\n<li><strong>Derecho de Supresi\u00f3n:<\/strong> Es el derecho a suprimir los datos de car\u00e1cter personal del usuario, a excepci\u00f3n de lo previsto en el propio RGPD o en otras normativas aplicables que determinen la obligatoriedad de la conservaci\u00f3n de los mismos, en tiempo y<\/li>\n<li><strong>Derecho de portabilidad:<\/strong> El derecho a recibir los datos personales que el usuario, haya facilitado, en un formato estructurado, de uso com\u00fan y lectura mec\u00e1nica, y a transmitirlos a otro<\/li>\n<li><strong>Derecho de Oposici\u00f3n:<\/strong> Es el derecho del usuario a que no se lleve a cabo el tratamiento de sus datos de car\u00e1cter personal o se cese el tratamiento de los mismos por parte de la<\/li>\n<\/ul>\n<p>&nbsp;<\/p>\n<p>Para poder ejercer cualquiera de los derechos descritos anteriormente deber\u00e1 cumplir con los siguientes requisitos:<\/p>\n<ul>\n<li>Presentaci\u00f3n de un escrito a la direcci\u00f3n C\/ ANOIA S\/N NAVE 7 POLIGONO INDUSTRIAL URVASA 08130, SANTA PERPETUA DE MOGODA (BARCELONA) (a la atenci\u00f3n de BABY NIT SL) o bien a trav\u00e9s de nuestro formulario web<\/li>\n<li>El escrito remitido por el titular de los datos que solicite el ejercicio deber\u00e1 de cumplir los siguientes requisitos legales:\n<ul>\n<li>Nombre, apellidos del interesado y copia del DNI\/NIE o cualquier documento identificativo. En los excepcionales casos en que se admita la representaci\u00f3n, ser\u00e1 tambi\u00e9n necesaria la identificaci\u00f3n por el mismo medio de la persona que le representa, as\u00ed como el documento acreditativo de la representaci\u00f3n. La fotocopia del DNI podr\u00e1 ser sustituida siempre que se acredite la identidad por cualquier otro medio v\u00e1lido en derecho.<\/li>\n<li>Petici\u00f3n en que se concreta la (Ejercicio en el que se solicita la informaci\u00f3n a la que se quiere acceder). Si no hace referencia a un fichero concreto se le facilitar\u00e1 toda la informaci\u00f3n que se tenga con sus datos de car\u00e1cter personal. Si solicita informaci\u00f3n de un fichero en concreto, s\u00f3lo la informaci\u00f3n de este fichero. Si solicita informaci\u00f3n relativa a un tercero nunca se podr\u00e1 facilitar. Si lo solicita por tel\u00e9fono se le indicar\u00e1 que lo haga por escrito y se le informar\u00e1 de c\u00f3mo lo puede hacer y la direcci\u00f3n a la que tiene que enviarlo. Nunca se le dar\u00e1 informaci\u00f3n por tel\u00e9fono.<\/li>\n<\/ul>\n<\/li>\n<li>Domicilio a efectos de<\/li>\n<li>Fecha y firma del<\/li>\n<li>Documentos acreditativos de la petici\u00f3n que<\/li>\n<li>El interesado debe utilizar cualquier medio que permita acreditar el env\u00edo y la recepci\u00f3n de la<\/li>\n<\/ul>\n<p>Por \u00faltimo, le informamos que Usted tiene derecho a presentar una reclamaci\u00f3n ante la Agencia Espa\u00f1ola de Protecci\u00f3n de Datos en caso de que tenga conocimiento o considere que un hecho pueda suponer un incumplimiento de la normativa aplicable en materia de protecci\u00f3n de datos.<\/p>\n<p>BABY NIT SL se compromete a adoptar las medidas t\u00e9cnicas y organizativas necesarias, acorde al nivel de riesgos que acompa\u00f1an los tratamientos realizados por \u00e9stas e indicados en el apartado de los t\u00e9rminos y condiciones de uso, de forma que garanticen su integridad, confidencialidad y disponibilidad.<\/p>\n<p>&nbsp;<\/p>\n<p><em>\u00daLTIMA ACTUALIZACI\u00d3N: 3 de noviembre de 2020<\/em><\/p>\n<p>[\/et_pb_text][\/et_pb_column][\/et_pb_row][\/et_pb_section]<\/p>\n","protected":false},"excerpt":{"rendered":"<p><div class=\"et_pb_module dipi_divider dipi_divider_0\">\n\t\t\t\t\n\t\t\t\t\n\t\t\t\t\n\t\t\t\t\n\t\t\t\t\n\t\t\t\t\n\t\t\t\t<div class=\"et_pb_module_inner\">\n\t\t\t\t\t\n            <div class=\"dipi-pixel-divider dipi-pixel-divider-row dipi-pixel-divider-image dipi-pixel-divider-mirror\"><div class=\"dipi-td-decoration  dipi-td-decoration-line dipi-td-first\"><\/div>\n            <img decoding=\"async\" class=\"dipi-td-content\" src=\"http:\/\/essentialwbbn.es\/wp-content\/uploads\/2024\/02\/essentials_favicon.png\" \/><div class=\"dipi-td-decoration  dipi-td-decoration-line dipi-td-second\"><\/div><\/div>\n\t\t\t\t<\/div>\n\t\t\t<\/div> Datos del propietario de la web: RAZ\u00d3N SOCIAL BABY NIT SLNIF B63025753DIRECCI\u00d3N POSTAL C\/ ANOIA S\/N NAVE 7 POLIGONO INDUSTRIAL URVASA 08130, SANTA PERPETUA DE MOGODA (BARCELONA)TEL\u00c9FONO 935740210REGISTRO MERCANTIL tomo 35144, folio 57, hoja B257480 e inscripci\u00f3n 1OBJETO PRINCIPAL Confecci\u00f3n de prendas de vestir &nbsp; Protecci\u00f3n de datos [&hellip;]<\/p>\n","protected":false},"author":1,"featured_media":0,"parent":0,"menu_order":0,"comment_status":"closed","ping_status":"open","template":"","meta":{"_et_pb_use_builder":"on","_et_pb_old_content":"<!-- wp:heading --><h2>Qui\u00e9nes somos<\/h2><!-- \/wp:heading --><!-- wp:paragraph --><p><strong class=\"privacy-policy-tutorial\">Texto sugerido: <\/strong>La direcci\u00f3n de nuestra web es: http:\/\/essentialwbbn.es.<\/p><!-- \/wp:paragraph --><!-- wp:heading --><h2>Comentarios<\/h2><!-- \/wp:heading --><!-- wp:paragraph --><p><strong class=\"privacy-policy-tutorial\">Texto sugerido: <\/strong>Cuando los visitantes dejan comentarios en la web, recopilamos los datos que se muestran en el formulario de comentarios, as\u00ed como la direcci\u00f3n IP del visitante y la cadena de agentes de usuario del navegador para ayudar a la detecci\u00f3n de spam.<\/p><!-- \/wp:paragraph --><!-- wp:paragraph --><p>Una cadena an\u00f3nima creada a partir de tu direcci\u00f3n de correo electr\u00f3nico (tambi\u00e9n llamada hash) puede ser proporcionada al servicio de Gravatar para ver si la est\u00e1s usando. La pol\u00edtica de privacidad del servicio Gravatar est\u00e1 disponible aqu\u00ed: https:\/\/automattic.com\/privacy\/. Despu\u00e9s de la aprobaci\u00f3n de tu comentario, la imagen de tu perfil es visible para el p\u00fablico en el contexto de tu comentario.<\/p><!-- \/wp:paragraph --><!-- wp:heading --><h2>Medios<\/h2><!-- \/wp:heading --><!-- wp:paragraph --><p><strong class=\"privacy-policy-tutorial\">Texto sugerido: <\/strong>Si subes im\u00e1genes a la web, deber\u00edas evitar subir im\u00e1genes con datos de ubicaci\u00f3n (GPS EXIF) incluidos. Los visitantes de la web pueden descargar y extraer cualquier dato de ubicaci\u00f3n de las im\u00e1genes de la web.<\/p><!-- \/wp:paragraph --><!-- wp:heading --><h2>Cookies<\/h2><!-- \/wp:heading --><!-- wp:paragraph --><p><strong class=\"privacy-policy-tutorial\">Texto sugerido: <\/strong>Si dejas un comentario en nuestro sitio puedes elegir guardar tu nombre, direcci\u00f3n de correo electr\u00f3nico y web en cookies. Esto es para tu comodidad, para que no tengas que volver a rellenar tus datos cuando dejes otro comentario. Estas cookies tendr\u00e1n una duraci\u00f3n de un a\u00f1o.<\/p><!-- \/wp:paragraph --><!-- wp:paragraph --><p>Si tienes una cuenta y te conectas a este sitio, instalaremos una cookie temporal para determinar si tu navegador acepta cookies. Esta cookie no contiene datos personales y se elimina al cerrar el navegador.<\/p><!-- \/wp:paragraph --><!-- wp:paragraph --><p>Cuando accedas, tambi\u00e9n instalaremos varias cookies para guardar tu informaci\u00f3n de acceso y tus opciones de visualizaci\u00f3n de pantalla. Las cookies de acceso duran dos d\u00edas, y las cookies de opciones de pantalla duran un a\u00f1o. Si seleccionas \u00abRecu\u00e9rdarme\u00bb, tu acceso perdurar\u00e1 durante dos semanas. Si sales de tu cuenta, las cookies de acceso se eliminar\u00e1n.<\/p><!-- \/wp:paragraph --><!-- wp:paragraph --><p>Si editas o publicas un art\u00edculo se guardar\u00e1 una cookie adicional en tu navegador. Esta cookie no incluye datos personales y simplemente indica el ID del art\u00edculo que acabas de editar. Caduca despu\u00e9s de 1 d\u00eda.<\/p><!-- \/wp:paragraph --><!-- wp:heading --><h2>Contenido incrustado de otros sitios web<\/h2><!-- \/wp:heading --><!-- wp:paragraph --><p><strong class=\"privacy-policy-tutorial\">Texto sugerido: <\/strong>Los art\u00edculos de este sitio pueden incluir contenido incrustado (por ejemplo, v\u00eddeos, im\u00e1genes, art\u00edculos, etc.). El contenido incrustado de otras webs se comporta exactamente de la misma manera que si el visitante hubiera visitado la otra web.<\/p><!-- \/wp:paragraph --><!-- wp:paragraph --><p>Estas web pueden recopilar datos sobre ti, utilizar cookies, incrustar un seguimiento adicional de terceros, y supervisar tu interacci\u00f3n con ese contenido incrustado, incluido el seguimiento de tu interacci\u00f3n con el contenido incrustado si tienes una cuenta y est\u00e1s conectado a esa web.<\/p><!-- \/wp:paragraph --><!-- wp:heading --><h2>Con qui\u00e9n compartimos tus datos<\/h2><!-- \/wp:heading --><!-- wp:paragraph --><p><strong class=\"privacy-policy-tutorial\">Texto sugerido: <\/strong>Si solicitas un restablecimiento de contrase\u00f1a, tu direcci\u00f3n IP ser\u00e1 incluida en el correo electr\u00f3nico de restablecimiento.<\/p><!-- \/wp:paragraph --><!-- wp:heading --><h2>Cu\u00e1nto tiempo conservamos tus datos<\/h2><!-- \/wp:heading --><!-- wp:paragraph --><p><strong class=\"privacy-policy-tutorial\">Texto sugerido: <\/strong>Si dejas un comentario, el comentario y sus metadatos se conservan indefinidamente. Esto es para que podamos reconocer y aprobar comentarios sucesivos autom\u00e1ticamente, en lugar de mantenerlos en una cola de moderaci\u00f3n.<\/p><!-- \/wp:paragraph --><!-- wp:paragraph --><p>De los usuarios que se registran en nuestra web (si los hay), tambi\u00e9n almacenamos la informaci\u00f3n personal que proporcionan en su perfil de usuario. Todos los usuarios pueden ver, editar o eliminar su informaci\u00f3n personal en cualquier momento (excepto que no pueden cambiar su nombre de usuario). Los administradores de la web tambi\u00e9n pueden ver y editar esa informaci\u00f3n.<\/p><!-- \/wp:paragraph --><!-- wp:heading --><h2>Qu\u00e9 derechos tienes sobre tus datos<\/h2><!-- \/wp:heading --><!-- wp:paragraph --><p><strong class=\"privacy-policy-tutorial\">Texto sugerido: <\/strong>Si tienes una cuenta o has dejado comentarios en esta web, puedes solicitar recibir un archivo de exportaci\u00f3n de los datos personales que tenemos sobre ti, incluyendo cualquier dato que nos hayas proporcionado. Tambi\u00e9n puedes solicitar que eliminemos cualquier dato personal que tengamos sobre ti. Esto no incluye ning\u00fan dato que estemos obligados a conservar con fines administrativos, legales o de seguridad.<\/p><!-- \/wp:paragraph --><!-- wp:heading --><h2>D\u00f3nde se env\u00edan tus datos<\/h2><!-- \/wp:heading --><!-- wp:paragraph --><p><strong class=\"privacy-policy-tutorial\">Texto sugerido: <\/strong>Los comentarios de los visitantes puede que los revise un servicio de detecci\u00f3n autom\u00e1tica de spam.<\/p><!-- \/wp:paragraph -->","_et_gb_content_width":"","footnotes":""},"class_list":["post-3","page","type-page","status-publish","hentry"],"_links":{"self":[{"href":"https:\/\/essentialwbbn.es\/eng\/wp-json\/wp\/v2\/pages\/3","targetHints":{"allow":["GET"]}}],"collection":[{"href":"https:\/\/essentialwbbn.es\/eng\/wp-json\/wp\/v2\/pages"}],"about":[{"href":"https:\/\/essentialwbbn.es\/eng\/wp-json\/wp\/v2\/types\/page"}],"author":[{"embeddable":true,"href":"https:\/\/essentialwbbn.es\/eng\/wp-json\/wp\/v2\/users\/1"}],"replies":[{"embeddable":true,"href":"https:\/\/essentialwbbn.es\/eng\/wp-json\/wp\/v2\/comments?post=3"}],"version-history":[{"count":0,"href":"https:\/\/essentialwbbn.es\/eng\/wp-json\/wp\/v2\/pages\/3\/revisions"}],"wp:attachment":[{"href":"https:\/\/essentialwbbn.es\/eng\/wp-json\/wp\/v2\/media?parent=3"}],"curies":[{"name":"wp","href":"https:\/\/api.w.org\/{rel}","templated":true}]}}